{"id":10638,"date":"2025-12-19T04:09:40","date_gmt":"2025-12-19T03:09:40","guid":{"rendered":"https:\/\/hwtmart.ch\/?post_type=product&#038;p=10638"},"modified":"2026-04-08T04:03:57","modified_gmt":"2026-04-08T03:03:57","slug":"etui-magnetique-pour-iphone-17-2","status":"publish","type":"product","link":"https:\/\/hwtmart.ch\/?product=etui-magnetique-pour-iphone-17-2","title":{"rendered":"Coque magn\u00e9tique pour iPhone 17, coque antichoc anti-rayures, coque mince magn\u00e9tique"},"content":{"rendered":"<h2>Design Mince et \u00c9l\u00e9gant<\/h2>\n<p>D\u00e9couvrez une coque magn\u00e9tique ultra-fine con\u00e7ue sp\u00e9cialement pour l&rsquo;iPhone 17, combinant style et praticit\u00e9. Gr\u00e2ce \u00e0 son design \u00e9pur\u00e9, elle s&rsquo;adapte parfaitement \u00e0 votre smartphone sans ajouter de volume. Id\u00e9ale pour ceux qui recherchent un look sophistiqu\u00e9 tout en b\u00e9n\u00e9ficiant d&rsquo;une protection de haute qualit\u00e9.<\/p>\n<h2>Magnetisme de Pr\u00e9cision<\/h2>\n<p>La coque magn\u00e9tique assure une adh\u00e9rence optimale, facilitant le placement et l&rsquo;utilisation de votre iPhone 17 avec tous les accessoires compatibles. Que vous utilisiez un support magn\u00e9tique pour voiture ou une station de recharge sans fil, profitez de l\u2019alignement parfait et d\u2019une exp\u00e9rience sans tracas. Sa technologie magn\u00e9tique avanc\u00e9e garantit la s\u00e9curit\u00e9 de votre appareil tout en vous offrant un confort optimal.<\/p>\n<h2>Protection Antichoc et Anti-Rayures<\/h2>\n<p>Offrez \u00e0 votre iPhone 17 une protection sup\u00e9rieure contre les chocs et les rayures du quotidien. La coque est fabriqu\u00e9e \u00e0 partir de mat\u00e9riaux robustes capables d&rsquo;absorber les impacts tout en pr\u00e9servant l&rsquo;int\u00e9grit\u00e9 du t\u00e9l\u00e9phone. Que ce soit face aux chutes accidentelles ou aux frottements avec d&rsquo;autres objets, votre appareil reste impeccable et s\u00e9curis\u00e9. En alliant durabilit\u00e9 et l\u00e9g\u00e8ret\u00e9, cette coque est con\u00e7ue pour durer longtemps tout en maintenant votre t\u00e9l\u00e9phone dans un \u00e9tat parfait.<\/p>\n<h2>Une Exp\u00e9rience Pratique et Flexible<\/h2>\n<p>En plus de prot\u00e9ger votre iPhone 17, cette coque magn\u00e9tique se d\u00e9marque par sa polyvalence et sa facilit\u00e9 d&rsquo;utilisation. Les d\u00e9coupes pr\u00e9cises autour des ports, des boutons, et des cam\u00e9ras assurent un acc\u00e8s sans restriction aux fonctionnalit\u00e9s de l\u2019appareil. Adoptez une coque qui allie au mieux protection, praticit\u00e9 et \u00e9l\u00e9gance.<\/p>\n","protected":false},"excerpt":{"rendered":"<p>Design Mince et \u00c9l\u00e9gant D\u00e9couvrez une coque magn\u00e9tique ultra-fine con\u00e7ue sp\u00e9cialement pour l&rsquo;iPhone 17, combinant style et praticit\u00e9. Gr\u00e2ce \u00e0 son design \u00e9pur\u00e9, elle s&rsquo;adapte parfaitement \u00e0 votre smartphone sans ajouter de volume. Id\u00e9ale pour ceux qui recherchent un look sophistiqu\u00e9 tout en b\u00e9n\u00e9ficiant d&rsquo;une protection de haute qualit\u00e9. Magnetisme de Pr\u00e9cision La coque magn\u00e9tique<\/p>\n<div class=\"klb-readmore entry-button\"><a class=\"btn link\" href=\"https:\/\/hwtmart.ch\/?product=etui-magnetique-pour-iphone-17-2\">Read More <i class=\"klbth-icon-right-arrow\"><\/i><\/a><\/div>\n","protected":false},"featured_media":9607,"comment_status":"open","ping_status":"closed","template":"","meta":[],"product_brand":[],"product_cat":[793,794,817],"product_tag":[],"class_list":{"0":"post-10638","1":"product","2":"type-product","3":"status-publish","4":"has-post-thumbnail","6":"product_cat-etui-de-telephone-chargeur-mural-power-bank-support-de-telephone-voiture","7":"product_cat-etui-de-telephone","8":"product_cat-soldes","9":"product_shipping_class-livraison-dans-2-a-5-jours","11":"first","12":"instock","13":"sale","14":"taxable","15":"shipping-taxable","16":"purchasable","17":"product-type-variable"},"jetpack_sharing_enabled":true,"_links":{"self":[{"href":"https:\/\/hwtmart.ch\/index.php?rest_route=\/wp\/v2\/product\/10638","targetHints":{"allow":["GET"]}}],"collection":[{"href":"https:\/\/hwtmart.ch\/index.php?rest_route=\/wp\/v2\/product"}],"about":[{"href":"https:\/\/hwtmart.ch\/index.php?rest_route=\/wp\/v2\/types\/product"}],"replies":[{"embeddable":true,"href":"https:\/\/hwtmart.ch\/index.php?rest_route=%2Fwp%2Fv2%2Fcomments&post=10638"}],"version-history":[{"count":5,"href":"https:\/\/hwtmart.ch\/index.php?rest_route=\/wp\/v2\/product\/10638\/revisions"}],"predecessor-version":[{"id":11152,"href":"https:\/\/hwtmart.ch\/index.php?rest_route=\/wp\/v2\/product\/10638\/revisions\/11152"}],"wp:featuredmedia":[{"embeddable":true,"href":"https:\/\/hwtmart.ch\/index.php?rest_route=\/wp\/v2\/media\/9607"}],"wp:attachment":[{"href":"https:\/\/hwtmart.ch\/index.php?rest_route=%2Fwp%2Fv2%2Fmedia&parent=10638"}],"wp:term":[{"taxonomy":"product_brand","embeddable":true,"href":"https:\/\/hwtmart.ch\/index.php?rest_route=%2Fwp%2Fv2%2Fproduct_brand&post=10638"},{"taxonomy":"product_cat","embeddable":true,"href":"https:\/\/hwtmart.ch\/index.php?rest_route=%2Fwp%2Fv2%2Fproduct_cat&post=10638"},{"taxonomy":"product_tag","embeddable":true,"href":"https:\/\/hwtmart.ch\/index.php?rest_route=%2Fwp%2Fv2%2Fproduct_tag&post=10638"}],"curies":[{"name":"wp","href":"https:\/\/api.w.org\/{rel}","templated":true}]}}