{"id":6879,"date":"2025-04-30T08:58:58","date_gmt":"2025-04-30T08:58:58","guid":{"rendered":"https:\/\/hwtmart.ch\/?post_type=product&#038;p=6879"},"modified":"2026-04-08T04:36:19","modified_gmt":"2026-04-08T03:36:19","slug":"videoprojecteur-intelligent","status":"publish","type":"product","link":"https:\/\/hwtmart.ch\/?product=videoprojecteur-intelligent","title":{"rendered":"Projecteur (T8), mini projecteur LED portable, projecteur cin\u00e9ma maison HD 1080P pour t\u00e9l\u00e9phone ordinateur portable"},"content":{"rendered":"<p><img fetchpriority=\"high\" decoding=\"async\" class=\"alignnone size-medium wp-image-12406\" src=\"https:\/\/hwtmart.ch\/wp-content\/uploads\/2025\/04\/1-11-218x300.jpg\" alt=\"\" width=\"218\" height=\"300\" srcset=\"https:\/\/hwtmart.ch\/wp-content\/uploads\/2025\/04\/1-11-218x300.jpg 218w, https:\/\/hwtmart.ch\/wp-content\/uploads\/2025\/04\/1-11-745x1024.jpg 745w, https:\/\/hwtmart.ch\/wp-content\/uploads\/2025\/04\/1-11-768x1056.jpg 768w, https:\/\/hwtmart.ch\/wp-content\/uploads\/2025\/04\/1-11-39x54.jpg 39w, https:\/\/hwtmart.ch\/wp-content\/uploads\/2025\/04\/1-11.jpg 800w\" sizes=\"(max-width: 218px) 100vw, 218px\" \/> <img decoding=\"async\" class=\"alignnone size-medium wp-image-12407\" src=\"https:\/\/hwtmart.ch\/wp-content\/uploads\/2025\/04\/2-10-218x300.jpg\" alt=\"\" width=\"218\" height=\"300\" srcset=\"https:\/\/hwtmart.ch\/wp-content\/uploads\/2025\/04\/2-10-218x300.jpg 218w, https:\/\/hwtmart.ch\/wp-content\/uploads\/2025\/04\/2-10-745x1024.jpg 745w, https:\/\/hwtmart.ch\/wp-content\/uploads\/2025\/04\/2-10-768x1056.jpg 768w, https:\/\/hwtmart.ch\/wp-content\/uploads\/2025\/04\/2-10-39x54.jpg 39w, https:\/\/hwtmart.ch\/wp-content\/uploads\/2025\/04\/2-10.jpg 800w\" sizes=\"(max-width: 218px) 100vw, 218px\" \/> <img decoding=\"async\" class=\"alignnone size-medium wp-image-12408\" src=\"https:\/\/hwtmart.ch\/wp-content\/uploads\/2025\/04\/3-9-218x300.jpg\" alt=\"\" width=\"218\" height=\"300\" srcset=\"https:\/\/hwtmart.ch\/wp-content\/uploads\/2025\/04\/3-9-218x300.jpg 218w, https:\/\/hwtmart.ch\/wp-content\/uploads\/2025\/04\/3-9-745x1024.jpg 745w, https:\/\/hwtmart.ch\/wp-content\/uploads\/2025\/04\/3-9-768x1056.jpg 768w, https:\/\/hwtmart.ch\/wp-content\/uploads\/2025\/04\/3-9-39x54.jpg 39w, https:\/\/hwtmart.ch\/wp-content\/uploads\/2025\/04\/3-9.jpg 800w\" sizes=\"(max-width: 218px) 100vw, 218px\" \/> <img loading=\"lazy\" decoding=\"async\" class=\"alignnone size-medium wp-image-12409\" src=\"https:\/\/hwtmart.ch\/wp-content\/uploads\/2025\/04\/4-9-218x300.jpg\" alt=\"\" width=\"218\" height=\"300\" srcset=\"https:\/\/hwtmart.ch\/wp-content\/uploads\/2025\/04\/4-9-218x300.jpg 218w, https:\/\/hwtmart.ch\/wp-content\/uploads\/2025\/04\/4-9-745x1024.jpg 745w, https:\/\/hwtmart.ch\/wp-content\/uploads\/2025\/04\/4-9-768x1056.jpg 768w, https:\/\/hwtmart.ch\/wp-content\/uploads\/2025\/04\/4-9-39x54.jpg 39w, https:\/\/hwtmart.ch\/wp-content\/uploads\/2025\/04\/4-9.jpg 800w\" sizes=\"(max-width: 218px) 100vw, 218px\" \/> <img loading=\"lazy\" decoding=\"async\" class=\"alignnone size-medium wp-image-12410\" src=\"https:\/\/hwtmart.ch\/wp-content\/uploads\/2025\/04\/5-10-218x300.jpg\" alt=\"\" width=\"218\" height=\"300\" srcset=\"https:\/\/hwtmart.ch\/wp-content\/uploads\/2025\/04\/5-10-218x300.jpg 218w, https:\/\/hwtmart.ch\/wp-content\/uploads\/2025\/04\/5-10-745x1024.jpg 745w, https:\/\/hwtmart.ch\/wp-content\/uploads\/2025\/04\/5-10-768x1056.jpg 768w, https:\/\/hwtmart.ch\/wp-content\/uploads\/2025\/04\/5-10-39x54.jpg 39w, https:\/\/hwtmart.ch\/wp-content\/uploads\/2025\/04\/5-10.jpg 800w\" sizes=\"(max-width: 218px) 100vw, 218px\" \/> <img loading=\"lazy\" decoding=\"async\" class=\"alignnone size-medium wp-image-12411\" src=\"https:\/\/hwtmart.ch\/wp-content\/uploads\/2025\/04\/6-7-218x300.jpg\" alt=\"\" width=\"218\" height=\"300\" srcset=\"https:\/\/hwtmart.ch\/wp-content\/uploads\/2025\/04\/6-7-218x300.jpg 218w, https:\/\/hwtmart.ch\/wp-content\/uploads\/2025\/04\/6-7-745x1024.jpg 745w, https:\/\/hwtmart.ch\/wp-content\/uploads\/2025\/04\/6-7-768x1056.jpg 768w, https:\/\/hwtmart.ch\/wp-content\/uploads\/2025\/04\/6-7-39x54.jpg 39w, https:\/\/hwtmart.ch\/wp-content\/uploads\/2025\/04\/6-7.jpg 800w\" sizes=\"(max-width: 218px) 100vw, 218px\" \/> <img loading=\"lazy\" decoding=\"async\" class=\"alignnone size-medium wp-image-12405\" src=\"https:\/\/hwtmart.ch\/wp-content\/uploads\/2025\/04\/7-7-218x300.jpg\" alt=\"\" width=\"218\" height=\"300\" srcset=\"https:\/\/hwtmart.ch\/wp-content\/uploads\/2025\/04\/7-7-218x300.jpg 218w, https:\/\/hwtmart.ch\/wp-content\/uploads\/2025\/04\/7-7-745x1024.jpg 745w, https:\/\/hwtmart.ch\/wp-content\/uploads\/2025\/04\/7-7-768x1056.jpg 768w, https:\/\/hwtmart.ch\/wp-content\/uploads\/2025\/04\/7-7-39x54.jpg 39w, https:\/\/hwtmart.ch\/wp-content\/uploads\/2025\/04\/7-7.jpg 800w\" sizes=\"(max-width: 218px) 100vw, 218px\" \/><\/p>\n","protected":false},"excerpt":{"rendered":"<p>Vid\u00e9oprojecteur Intelligent, 1080P Full HD, Bureau &amp; Salle de Jeux<\/p>\n<p>Enjoy the large-screen visual world and embark on a smart life.<\/p>\n","protected":false},"featured_media":7801,"comment_status":"open","ping_status":"closed","template":"","meta":[],"product_brand":[],"product_cat":[798,815],"product_tag":[],"class_list":{"0":"post-6879","1":"product","2":"type-product","3":"status-publish","4":"has-post-thumbnail","6":"product_cat-projecteur","7":"product_cat-ecouteurs-bluetooth-enceinte-bluetooth-projecteur-camera-de-sport","8":"product_shipping_class-livraison-dans-2-a-5-jours","10":"first","11":"instock","12":"taxable","13":"shipping-taxable","14":"purchasable","15":"product-type-simple"},"jetpack_sharing_enabled":true,"_links":{"self":[{"href":"https:\/\/hwtmart.ch\/index.php?rest_route=\/wp\/v2\/product\/6879","targetHints":{"allow":["GET"]}}],"collection":[{"href":"https:\/\/hwtmart.ch\/index.php?rest_route=\/wp\/v2\/product"}],"about":[{"href":"https:\/\/hwtmart.ch\/index.php?rest_route=\/wp\/v2\/types\/product"}],"replies":[{"embeddable":true,"href":"https:\/\/hwtmart.ch\/index.php?rest_route=%2Fwp%2Fv2%2Fcomments&post=6879"}],"version-history":[{"count":6,"href":"https:\/\/hwtmart.ch\/index.php?rest_route=\/wp\/v2\/product\/6879\/revisions"}],"predecessor-version":[{"id":12412,"href":"https:\/\/hwtmart.ch\/index.php?rest_route=\/wp\/v2\/product\/6879\/revisions\/12412"}],"wp:featuredmedia":[{"embeddable":true,"href":"https:\/\/hwtmart.ch\/index.php?rest_route=\/wp\/v2\/media\/7801"}],"wp:attachment":[{"href":"https:\/\/hwtmart.ch\/index.php?rest_route=%2Fwp%2Fv2%2Fmedia&parent=6879"}],"wp:term":[{"taxonomy":"product_brand","embeddable":true,"href":"https:\/\/hwtmart.ch\/index.php?rest_route=%2Fwp%2Fv2%2Fproduct_brand&post=6879"},{"taxonomy":"product_cat","embeddable":true,"href":"https:\/\/hwtmart.ch\/index.php?rest_route=%2Fwp%2Fv2%2Fproduct_cat&post=6879"},{"taxonomy":"product_tag","embeddable":true,"href":"https:\/\/hwtmart.ch\/index.php?rest_route=%2Fwp%2Fv2%2Fproduct_tag&post=6879"}],"curies":[{"name":"wp","href":"https:\/\/api.w.org\/{rel}","templated":true}]}}