{"id":7099,"date":"2025-05-16T06:54:34","date_gmt":"2025-05-16T06:54:34","guid":{"rendered":"https:\/\/hwtmart.ch\/?post_type=product&#038;p=7099"},"modified":"2026-04-08T04:24:17","modified_gmt":"2026-04-08T03:24:17","slug":"bluetooth-headseta8","status":"publish","type":"product","link":"https:\/\/hwtmart.ch\/?product=bluetooth-headseta8","title":{"rendered":"Casque Bluetooth (A8), \u00e9couteurs st\u00e9r\u00e9o intra-auriculaires sans fil, \u00e9couteurs de sport son HiFi avec micro"},"content":{"rendered":"<p><img fetchpriority=\"high\" decoding=\"async\" class=\"alignnone size-medium wp-image-12181\" src=\"https:\/\/hwtmart.ch\/wp-content\/uploads\/2025\/05\/1-10-200x300.jpg\" alt=\"\" width=\"200\" height=\"300\" srcset=\"https:\/\/hwtmart.ch\/wp-content\/uploads\/2025\/05\/1-10-200x300.jpg 200w, https:\/\/hwtmart.ch\/wp-content\/uploads\/2025\/05\/1-10-683x1024.jpg 683w, https:\/\/hwtmart.ch\/wp-content\/uploads\/2025\/05\/1-10-768x1152.jpg 768w, https:\/\/hwtmart.ch\/wp-content\/uploads\/2025\/05\/1-10-36x54.jpg 36w, https:\/\/hwtmart.ch\/wp-content\/uploads\/2025\/05\/1-10.jpg 800w\" sizes=\"(max-width: 200px) 100vw, 200px\" \/> <img decoding=\"async\" class=\"alignnone size-medium wp-image-12182\" src=\"https:\/\/hwtmart.ch\/wp-content\/uploads\/2025\/05\/2-10-200x300.jpg\" alt=\"\" width=\"200\" height=\"300\" srcset=\"https:\/\/hwtmart.ch\/wp-content\/uploads\/2025\/05\/2-10-200x300.jpg 200w, https:\/\/hwtmart.ch\/wp-content\/uploads\/2025\/05\/2-10-683x1024.jpg 683w, https:\/\/hwtmart.ch\/wp-content\/uploads\/2025\/05\/2-10-768x1152.jpg 768w, https:\/\/hwtmart.ch\/wp-content\/uploads\/2025\/05\/2-10-36x54.jpg 36w, https:\/\/hwtmart.ch\/wp-content\/uploads\/2025\/05\/2-10.jpg 800w\" sizes=\"(max-width: 200px) 100vw, 200px\" \/> <img decoding=\"async\" class=\"alignnone size-medium wp-image-12183\" src=\"https:\/\/hwtmart.ch\/wp-content\/uploads\/2025\/05\/3-9-200x300.jpg\" alt=\"\" width=\"200\" height=\"300\" srcset=\"https:\/\/hwtmart.ch\/wp-content\/uploads\/2025\/05\/3-9-200x300.jpg 200w, https:\/\/hwtmart.ch\/wp-content\/uploads\/2025\/05\/3-9-683x1024.jpg 683w, https:\/\/hwtmart.ch\/wp-content\/uploads\/2025\/05\/3-9-768x1152.jpg 768w, https:\/\/hwtmart.ch\/wp-content\/uploads\/2025\/05\/3-9-36x54.jpg 36w, https:\/\/hwtmart.ch\/wp-content\/uploads\/2025\/05\/3-9.jpg 800w\" sizes=\"(max-width: 200px) 100vw, 200px\" \/> <img loading=\"lazy\" decoding=\"async\" class=\"alignnone size-medium wp-image-12184\" src=\"https:\/\/hwtmart.ch\/wp-content\/uploads\/2025\/05\/4-8-200x300.jpg\" alt=\"\" width=\"200\" height=\"300\" srcset=\"https:\/\/hwtmart.ch\/wp-content\/uploads\/2025\/05\/4-8-200x300.jpg 200w, https:\/\/hwtmart.ch\/wp-content\/uploads\/2025\/05\/4-8-683x1024.jpg 683w, https:\/\/hwtmart.ch\/wp-content\/uploads\/2025\/05\/4-8-768x1152.jpg 768w, https:\/\/hwtmart.ch\/wp-content\/uploads\/2025\/05\/4-8-36x54.jpg 36w, https:\/\/hwtmart.ch\/wp-content\/uploads\/2025\/05\/4-8.jpg 800w\" sizes=\"(max-width: 200px) 100vw, 200px\" \/> <img loading=\"lazy\" decoding=\"async\" class=\"alignnone size-medium wp-image-12185\" src=\"https:\/\/hwtmart.ch\/wp-content\/uploads\/2025\/05\/5-8-200x300.jpg\" alt=\"\" width=\"200\" height=\"300\" srcset=\"https:\/\/hwtmart.ch\/wp-content\/uploads\/2025\/05\/5-8-200x300.jpg 200w, https:\/\/hwtmart.ch\/wp-content\/uploads\/2025\/05\/5-8-683x1024.jpg 683w, https:\/\/hwtmart.ch\/wp-content\/uploads\/2025\/05\/5-8-768x1152.jpg 768w, https:\/\/hwtmart.ch\/wp-content\/uploads\/2025\/05\/5-8-36x54.jpg 36w, https:\/\/hwtmart.ch\/wp-content\/uploads\/2025\/05\/5-8.jpg 800w\" sizes=\"(max-width: 200px) 100vw, 200px\" \/> <img loading=\"lazy\" decoding=\"async\" class=\"alignnone size-medium wp-image-12186\" src=\"https:\/\/hwtmart.ch\/wp-content\/uploads\/2025\/05\/6-7-200x300.jpg\" alt=\"\" width=\"200\" height=\"300\" srcset=\"https:\/\/hwtmart.ch\/wp-content\/uploads\/2025\/05\/6-7-200x300.jpg 200w, https:\/\/hwtmart.ch\/wp-content\/uploads\/2025\/05\/6-7-683x1024.jpg 683w, https:\/\/hwtmart.ch\/wp-content\/uploads\/2025\/05\/6-7-768x1152.jpg 768w, https:\/\/hwtmart.ch\/wp-content\/uploads\/2025\/05\/6-7-36x54.jpg 36w, https:\/\/hwtmart.ch\/wp-content\/uploads\/2025\/05\/6-7.jpg 800w\" sizes=\"(max-width: 200px) 100vw, 200px\" \/> <img loading=\"lazy\" decoding=\"async\" class=\"alignnone size-medium wp-image-12187\" src=\"https:\/\/hwtmart.ch\/wp-content\/uploads\/2025\/05\/7-6-200x300.jpg\" alt=\"\" width=\"200\" height=\"300\" srcset=\"https:\/\/hwtmart.ch\/wp-content\/uploads\/2025\/05\/7-6-200x300.jpg 200w, https:\/\/hwtmart.ch\/wp-content\/uploads\/2025\/05\/7-6-683x1024.jpg 683w, https:\/\/hwtmart.ch\/wp-content\/uploads\/2025\/05\/7-6-768x1152.jpg 768w, https:\/\/hwtmart.ch\/wp-content\/uploads\/2025\/05\/7-6-36x54.jpg 36w, https:\/\/hwtmart.ch\/wp-content\/uploads\/2025\/05\/7-6.jpg 800w\" sizes=\"(max-width: 200px) 100vw, 200px\" \/> <img loading=\"lazy\" decoding=\"async\" class=\"alignnone size-medium wp-image-12188\" src=\"https:\/\/hwtmart.ch\/wp-content\/uploads\/2025\/05\/8-6-200x300.jpg\" alt=\"\" width=\"200\" height=\"300\" srcset=\"https:\/\/hwtmart.ch\/wp-content\/uploads\/2025\/05\/8-6-200x300.jpg 200w, https:\/\/hwtmart.ch\/wp-content\/uploads\/2025\/05\/8-6-683x1024.jpg 683w, https:\/\/hwtmart.ch\/wp-content\/uploads\/2025\/05\/8-6-768x1152.jpg 768w, https:\/\/hwtmart.ch\/wp-content\/uploads\/2025\/05\/8-6-36x54.jpg 36w, https:\/\/hwtmart.ch\/wp-content\/uploads\/2025\/05\/8-6.jpg 800w\" sizes=\"(max-width: 200px) 100vw, 200px\" \/> <img loading=\"lazy\" decoding=\"async\" class=\"alignnone size-medium wp-image-12180\" src=\"https:\/\/hwtmart.ch\/wp-content\/uploads\/2025\/05\/9-200x300.jpg\" alt=\"\" width=\"200\" height=\"300\" srcset=\"https:\/\/hwtmart.ch\/wp-content\/uploads\/2025\/05\/9-200x300.jpg 200w, https:\/\/hwtmart.ch\/wp-content\/uploads\/2025\/05\/9-683x1024.jpg 683w, https:\/\/hwtmart.ch\/wp-content\/uploads\/2025\/05\/9-768x1152.jpg 768w, https:\/\/hwtmart.ch\/wp-content\/uploads\/2025\/05\/9-36x54.jpg 36w, https:\/\/hwtmart.ch\/wp-content\/uploads\/2025\/05\/9.jpg 800w\" sizes=\"(max-width: 200px) 100vw, 200px\" \/><\/p>\n","protected":false},"excerpt":{"rendered":"<p>Bluetooth Earbuds,\u00c9couteurs Sans Fil Bluetooth A8, Anti-Bruit Environnemental, Low Latency, Gaming &amp; Musique<\/p>\n<p>Bluetooth headset(A8)\u00a0 ABS\u00a0 \u00a0Puissance : 0,104\u00a0 Wh\u00a0 Tension : 3,7 V\u00a0 \u00a0Vitesse de sortie :\u00a0DC 5V-0,2A<\/p>\n","protected":false},"featured_media":7748,"comment_status":"open","ping_status":"closed","template":"","meta":[],"product_brand":[],"product_cat":[796,815],"product_tag":[],"class_list":{"0":"post-7099","1":"product","2":"type-product","3":"status-publish","4":"has-post-thumbnail","6":"product_cat-ecouteurs-bluetooth","7":"product_cat-ecouteurs-bluetooth-enceinte-bluetooth-projecteur-camera-de-sport","8":"product_shipping_class-livraison-dans-2-a-5-jours","10":"first","11":"instock","12":"taxable","13":"shipping-taxable","14":"purchasable","15":"product-type-simple"},"jetpack_sharing_enabled":true,"_links":{"self":[{"href":"https:\/\/hwtmart.ch\/index.php?rest_route=\/wp\/v2\/product\/7099","targetHints":{"allow":["GET"]}}],"collection":[{"href":"https:\/\/hwtmart.ch\/index.php?rest_route=\/wp\/v2\/product"}],"about":[{"href":"https:\/\/hwtmart.ch\/index.php?rest_route=\/wp\/v2\/types\/product"}],"replies":[{"embeddable":true,"href":"https:\/\/hwtmart.ch\/index.php?rest_route=%2Fwp%2Fv2%2Fcomments&post=7099"}],"version-history":[{"count":5,"href":"https:\/\/hwtmart.ch\/index.php?rest_route=\/wp\/v2\/product\/7099\/revisions"}],"predecessor-version":[{"id":9674,"href":"https:\/\/hwtmart.ch\/index.php?rest_route=\/wp\/v2\/product\/7099\/revisions\/9674"}],"wp:featuredmedia":[{"embeddable":true,"href":"https:\/\/hwtmart.ch\/index.php?rest_route=\/wp\/v2\/media\/7748"}],"wp:attachment":[{"href":"https:\/\/hwtmart.ch\/index.php?rest_route=%2Fwp%2Fv2%2Fmedia&parent=7099"}],"wp:term":[{"taxonomy":"product_brand","embeddable":true,"href":"https:\/\/hwtmart.ch\/index.php?rest_route=%2Fwp%2Fv2%2Fproduct_brand&post=7099"},{"taxonomy":"product_cat","embeddable":true,"href":"https:\/\/hwtmart.ch\/index.php?rest_route=%2Fwp%2Fv2%2Fproduct_cat&post=7099"},{"taxonomy":"product_tag","embeddable":true,"href":"https:\/\/hwtmart.ch\/index.php?rest_route=%2Fwp%2Fv2%2Fproduct_tag&post=7099"}],"curies":[{"name":"wp","href":"https:\/\/api.w.org\/{rel}","templated":true}]}}