{"id":7114,"date":"2025-05-16T07:10:29","date_gmt":"2025-05-16T07:10:29","guid":{"rendered":"https:\/\/hwtmart.ch\/?post_type=product&#038;p=7114"},"modified":"2026-04-08T04:24:07","modified_gmt":"2026-04-08T03:24:07","slug":"bluetooth-headseta39","status":"publish","type":"product","link":"https:\/\/hwtmart.ch\/?product=bluetooth-headseta39","title":{"rendered":"Casque Bluetooth (A39), \u00e9couteurs st\u00e9r\u00e9o intra-auriculaires sans fil, \u00e9couteurs de sport r\u00e9duction de bruit"},"content":{"rendered":"<p><img fetchpriority=\"high\" decoding=\"async\" class=\"alignnone size-medium wp-image-12224\" src=\"https:\/\/hwtmart.ch\/wp-content\/uploads\/2025\/05\/1-13-200x300.jpg\" alt=\"\" width=\"200\" height=\"300\" srcset=\"https:\/\/hwtmart.ch\/wp-content\/uploads\/2025\/05\/1-13-200x300.jpg 200w, https:\/\/hwtmart.ch\/wp-content\/uploads\/2025\/05\/1-13-683x1024.jpg 683w, https:\/\/hwtmart.ch\/wp-content\/uploads\/2025\/05\/1-13-768x1152.jpg 768w, https:\/\/hwtmart.ch\/wp-content\/uploads\/2025\/05\/1-13-36x54.jpg 36w, https:\/\/hwtmart.ch\/wp-content\/uploads\/2025\/05\/1-13.jpg 800w\" sizes=\"(max-width: 200px) 100vw, 200px\" \/> <img decoding=\"async\" class=\"alignnone size-medium wp-image-12225\" src=\"https:\/\/hwtmart.ch\/wp-content\/uploads\/2025\/05\/2-13-200x300.jpg\" alt=\"\" width=\"200\" height=\"300\" srcset=\"https:\/\/hwtmart.ch\/wp-content\/uploads\/2025\/05\/2-13-200x300.jpg 200w, https:\/\/hwtmart.ch\/wp-content\/uploads\/2025\/05\/2-13-683x1024.jpg 683w, https:\/\/hwtmart.ch\/wp-content\/uploads\/2025\/05\/2-13-768x1152.jpg 768w, https:\/\/hwtmart.ch\/wp-content\/uploads\/2025\/05\/2-13-36x54.jpg 36w, https:\/\/hwtmart.ch\/wp-content\/uploads\/2025\/05\/2-13.jpg 800w\" sizes=\"(max-width: 200px) 100vw, 200px\" \/> <img decoding=\"async\" class=\"alignnone size-medium wp-image-12226\" src=\"https:\/\/hwtmart.ch\/wp-content\/uploads\/2025\/05\/3-12-200x300.jpg\" alt=\"\" width=\"200\" height=\"300\" srcset=\"https:\/\/hwtmart.ch\/wp-content\/uploads\/2025\/05\/3-12-200x300.jpg 200w, https:\/\/hwtmart.ch\/wp-content\/uploads\/2025\/05\/3-12-683x1024.jpg 683w, https:\/\/hwtmart.ch\/wp-content\/uploads\/2025\/05\/3-12-768x1152.jpg 768w, https:\/\/hwtmart.ch\/wp-content\/uploads\/2025\/05\/3-12-36x54.jpg 36w, https:\/\/hwtmart.ch\/wp-content\/uploads\/2025\/05\/3-12.jpg 800w\" sizes=\"(max-width: 200px) 100vw, 200px\" \/> <img loading=\"lazy\" decoding=\"async\" class=\"alignnone size-medium wp-image-12227\" src=\"https:\/\/hwtmart.ch\/wp-content\/uploads\/2025\/05\/4-11-200x300.jpg\" alt=\"\" width=\"200\" height=\"300\" srcset=\"https:\/\/hwtmart.ch\/wp-content\/uploads\/2025\/05\/4-11-200x300.jpg 200w, https:\/\/hwtmart.ch\/wp-content\/uploads\/2025\/05\/4-11-683x1024.jpg 683w, https:\/\/hwtmart.ch\/wp-content\/uploads\/2025\/05\/4-11-768x1152.jpg 768w, https:\/\/hwtmart.ch\/wp-content\/uploads\/2025\/05\/4-11-36x54.jpg 36w, https:\/\/hwtmart.ch\/wp-content\/uploads\/2025\/05\/4-11.jpg 800w\" sizes=\"(max-width: 200px) 100vw, 200px\" \/> <img loading=\"lazy\" decoding=\"async\" class=\"alignnone size-medium wp-image-12228\" src=\"https:\/\/hwtmart.ch\/wp-content\/uploads\/2025\/05\/5-11-200x300.jpg\" alt=\"\" width=\"200\" height=\"300\" srcset=\"https:\/\/hwtmart.ch\/wp-content\/uploads\/2025\/05\/5-11-200x300.jpg 200w, https:\/\/hwtmart.ch\/wp-content\/uploads\/2025\/05\/5-11-683x1024.jpg 683w, https:\/\/hwtmart.ch\/wp-content\/uploads\/2025\/05\/5-11-768x1152.jpg 768w, https:\/\/hwtmart.ch\/wp-content\/uploads\/2025\/05\/5-11-36x54.jpg 36w, https:\/\/hwtmart.ch\/wp-content\/uploads\/2025\/05\/5-11.jpg 800w\" sizes=\"(max-width: 200px) 100vw, 200px\" \/> <img loading=\"lazy\" decoding=\"async\" class=\"alignnone size-medium wp-image-12229\" src=\"https:\/\/hwtmart.ch\/wp-content\/uploads\/2025\/05\/6-10-200x300.jpg\" alt=\"\" width=\"200\" height=\"300\" srcset=\"https:\/\/hwtmart.ch\/wp-content\/uploads\/2025\/05\/6-10-200x300.jpg 200w, https:\/\/hwtmart.ch\/wp-content\/uploads\/2025\/05\/6-10-683x1024.jpg 683w, https:\/\/hwtmart.ch\/wp-content\/uploads\/2025\/05\/6-10-768x1152.jpg 768w, https:\/\/hwtmart.ch\/wp-content\/uploads\/2025\/05\/6-10-36x54.jpg 36w, https:\/\/hwtmart.ch\/wp-content\/uploads\/2025\/05\/6-10.jpg 800w\" sizes=\"(max-width: 200px) 100vw, 200px\" \/> <img loading=\"lazy\" decoding=\"async\" class=\"alignnone size-medium wp-image-12230\" src=\"https:\/\/hwtmart.ch\/wp-content\/uploads\/2025\/05\/7-9-200x300.jpg\" alt=\"\" width=\"200\" height=\"300\" srcset=\"https:\/\/hwtmart.ch\/wp-content\/uploads\/2025\/05\/7-9-200x300.jpg 200w, https:\/\/hwtmart.ch\/wp-content\/uploads\/2025\/05\/7-9-683x1024.jpg 683w, https:\/\/hwtmart.ch\/wp-content\/uploads\/2025\/05\/7-9-768x1152.jpg 768w, https:\/\/hwtmart.ch\/wp-content\/uploads\/2025\/05\/7-9-36x54.jpg 36w, https:\/\/hwtmart.ch\/wp-content\/uploads\/2025\/05\/7-9.jpg 800w\" sizes=\"(max-width: 200px) 100vw, 200px\" \/> <img loading=\"lazy\" decoding=\"async\" class=\"alignnone size-medium wp-image-12231\" src=\"https:\/\/hwtmart.ch\/wp-content\/uploads\/2025\/05\/8-9-200x300.jpg\" alt=\"\" width=\"200\" height=\"300\" srcset=\"https:\/\/hwtmart.ch\/wp-content\/uploads\/2025\/05\/8-9-200x300.jpg 200w, https:\/\/hwtmart.ch\/wp-content\/uploads\/2025\/05\/8-9-683x1024.jpg 683w, https:\/\/hwtmart.ch\/wp-content\/uploads\/2025\/05\/8-9-768x1152.jpg 768w, https:\/\/hwtmart.ch\/wp-content\/uploads\/2025\/05\/8-9-36x54.jpg 36w, https:\/\/hwtmart.ch\/wp-content\/uploads\/2025\/05\/8-9.jpg 800w\" sizes=\"(max-width: 200px) 100vw, 200px\" \/> <img loading=\"lazy\" decoding=\"async\" class=\"alignnone size-medium wp-image-12223\" src=\"https:\/\/hwtmart.ch\/wp-content\/uploads\/2025\/05\/9-2-200x300.jpg\" alt=\"\" width=\"200\" height=\"300\" srcset=\"https:\/\/hwtmart.ch\/wp-content\/uploads\/2025\/05\/9-2-200x300.jpg 200w, https:\/\/hwtmart.ch\/wp-content\/uploads\/2025\/05\/9-2-683x1024.jpg 683w, https:\/\/hwtmart.ch\/wp-content\/uploads\/2025\/05\/9-2-768x1152.jpg 768w, https:\/\/hwtmart.ch\/wp-content\/uploads\/2025\/05\/9-2-36x54.jpg 36w, https:\/\/hwtmart.ch\/wp-content\/uploads\/2025\/05\/9-2.jpg 800w\" sizes=\"(max-width: 200px) 100vw, 200px\" \/><\/p>\n","protected":false},"excerpt":{"rendered":"<h3 class=\"product-title\"><a href=\"https:\/\/hwtmart.ch\/?product=bluetooth-headseta39\">\u00c9couteurs Bluetooth de Traduction AI A39, 140+ Langues, Traduction en Temps R\u00e9el, R\u00e9duction de Bruit<\/a><\/h3>\n","protected":false},"featured_media":7779,"comment_status":"open","ping_status":"closed","template":"","meta":[],"product_brand":[],"product_cat":[796,815],"product_tag":[],"class_list":{"0":"post-7114","1":"product","2":"type-product","3":"status-publish","4":"has-post-thumbnail","6":"product_cat-ecouteurs-bluetooth","7":"product_cat-ecouteurs-bluetooth-enceinte-bluetooth-projecteur-camera-de-sport","8":"product_shipping_class-livraison-dans-2-a-5-jours","10":"first","11":"instock","12":"taxable","13":"shipping-taxable","14":"purchasable","15":"product-type-simple"},"jetpack_sharing_enabled":true,"_links":{"self":[{"href":"https:\/\/hwtmart.ch\/index.php?rest_route=\/wp\/v2\/product\/7114","targetHints":{"allow":["GET"]}}],"collection":[{"href":"https:\/\/hwtmart.ch\/index.php?rest_route=\/wp\/v2\/product"}],"about":[{"href":"https:\/\/hwtmart.ch\/index.php?rest_route=\/wp\/v2\/types\/product"}],"replies":[{"embeddable":true,"href":"https:\/\/hwtmart.ch\/index.php?rest_route=%2Fwp%2Fv2%2Fcomments&post=7114"}],"version-history":[{"count":7,"href":"https:\/\/hwtmart.ch\/index.php?rest_route=\/wp\/v2\/product\/7114\/revisions"}],"predecessor-version":[{"id":11127,"href":"https:\/\/hwtmart.ch\/index.php?rest_route=\/wp\/v2\/product\/7114\/revisions\/11127"}],"wp:featuredmedia":[{"embeddable":true,"href":"https:\/\/hwtmart.ch\/index.php?rest_route=\/wp\/v2\/media\/7779"}],"wp:attachment":[{"href":"https:\/\/hwtmart.ch\/index.php?rest_route=%2Fwp%2Fv2%2Fmedia&parent=7114"}],"wp:term":[{"taxonomy":"product_brand","embeddable":true,"href":"https:\/\/hwtmart.ch\/index.php?rest_route=%2Fwp%2Fv2%2Fproduct_brand&post=7114"},{"taxonomy":"product_cat","embeddable":true,"href":"https:\/\/hwtmart.ch\/index.php?rest_route=%2Fwp%2Fv2%2Fproduct_cat&post=7114"},{"taxonomy":"product_tag","embeddable":true,"href":"https:\/\/hwtmart.ch\/index.php?rest_route=%2Fwp%2Fv2%2Fproduct_tag&post=7114"}],"curies":[{"name":"wp","href":"https:\/\/api.w.org\/{rel}","templated":true}]}}