{"id":7153,"date":"2025-05-17T02:51:45","date_gmt":"2025-05-17T02:51:45","guid":{"rendered":"https:\/\/hwtmart.ch\/?post_type=product&#038;p=7153"},"modified":"2026-04-08T04:22:15","modified_gmt":"2026-04-08T03:22:15","slug":"enceinte-bluetoothp58","status":"publish","type":"product","link":"https:\/\/hwtmart.ch\/?product=enceinte-bluetoothp58","title":{"rendered":"Haut-parleur multim\u00e9dia (P58), haut-parleur son HiFi Bluetooth sans fil, lecteur audio st\u00e9r\u00e9o portable"},"content":{"rendered":"<p><img fetchpriority=\"high\" decoding=\"async\" class=\"alignnone size-medium wp-image-12158\" src=\"https:\/\/hwtmart.ch\/wp-content\/uploads\/2025\/12\/1-1-225x300.jpg\" alt=\"\" width=\"225\" height=\"300\" srcset=\"https:\/\/hwtmart.ch\/wp-content\/uploads\/2025\/12\/1-1-225x300.jpg 225w, https:\/\/hwtmart.ch\/wp-content\/uploads\/2025\/12\/1-1-768x1024.jpg 768w, https:\/\/hwtmart.ch\/wp-content\/uploads\/2025\/12\/1-1-41x54.jpg 41w, https:\/\/hwtmart.ch\/wp-content\/uploads\/2025\/12\/1-1.jpg 900w\" sizes=\"(max-width: 225px) 100vw, 225px\" \/> <img decoding=\"async\" class=\"alignnone size-medium wp-image-12159\" src=\"https:\/\/hwtmart.ch\/wp-content\/uploads\/2025\/12\/2-2-225x300.jpg\" alt=\"\" width=\"225\" height=\"300\" srcset=\"https:\/\/hwtmart.ch\/wp-content\/uploads\/2025\/12\/2-2-225x300.jpg 225w, https:\/\/hwtmart.ch\/wp-content\/uploads\/2025\/12\/2-2-768x1024.jpg 768w, https:\/\/hwtmart.ch\/wp-content\/uploads\/2025\/12\/2-2-41x54.jpg 41w, https:\/\/hwtmart.ch\/wp-content\/uploads\/2025\/12\/2-2.jpg 900w\" sizes=\"(max-width: 225px) 100vw, 225px\" \/> <img decoding=\"async\" class=\"alignnone size-medium wp-image-12160\" src=\"https:\/\/hwtmart.ch\/wp-content\/uploads\/2025\/12\/3-225x300.jpg\" alt=\"\" width=\"225\" height=\"300\" srcset=\"https:\/\/hwtmart.ch\/wp-content\/uploads\/2025\/12\/3-225x300.jpg 225w, https:\/\/hwtmart.ch\/wp-content\/uploads\/2025\/12\/3-768x1024.jpg 768w, https:\/\/hwtmart.ch\/wp-content\/uploads\/2025\/12\/3-41x54.jpg 41w, https:\/\/hwtmart.ch\/wp-content\/uploads\/2025\/12\/3.jpg 900w\" sizes=\"(max-width: 225px) 100vw, 225px\" \/> <img loading=\"lazy\" decoding=\"async\" class=\"alignnone size-medium wp-image-12161\" src=\"https:\/\/hwtmart.ch\/wp-content\/uploads\/2025\/12\/4-225x300.jpg\" alt=\"\" width=\"225\" height=\"300\" srcset=\"https:\/\/hwtmart.ch\/wp-content\/uploads\/2025\/12\/4-225x300.jpg 225w, https:\/\/hwtmart.ch\/wp-content\/uploads\/2025\/12\/4-768x1024.jpg 768w, https:\/\/hwtmart.ch\/wp-content\/uploads\/2025\/12\/4-41x54.jpg 41w, https:\/\/hwtmart.ch\/wp-content\/uploads\/2025\/12\/4.jpg 900w\" sizes=\"(max-width: 225px) 100vw, 225px\" \/> <img loading=\"lazy\" decoding=\"async\" class=\"alignnone size-medium wp-image-12162\" src=\"https:\/\/hwtmart.ch\/wp-content\/uploads\/2025\/12\/5-225x300.jpg\" alt=\"\" width=\"225\" height=\"300\" srcset=\"https:\/\/hwtmart.ch\/wp-content\/uploads\/2025\/12\/5-225x300.jpg 225w, https:\/\/hwtmart.ch\/wp-content\/uploads\/2025\/12\/5-768x1024.jpg 768w, https:\/\/hwtmart.ch\/wp-content\/uploads\/2025\/12\/5-41x54.jpg 41w, https:\/\/hwtmart.ch\/wp-content\/uploads\/2025\/12\/5.jpg 900w\" sizes=\"(max-width: 225px) 100vw, 225px\" \/> <img loading=\"lazy\" decoding=\"async\" class=\"alignnone size-medium wp-image-12163\" src=\"https:\/\/hwtmart.ch\/wp-content\/uploads\/2025\/12\/6-5-225x300.jpg\" alt=\"\" width=\"225\" height=\"300\" srcset=\"https:\/\/hwtmart.ch\/wp-content\/uploads\/2025\/12\/6-5-225x300.jpg 225w, https:\/\/hwtmart.ch\/wp-content\/uploads\/2025\/12\/6-5-768x1024.jpg 768w, https:\/\/hwtmart.ch\/wp-content\/uploads\/2025\/12\/6-5-41x54.jpg 41w, https:\/\/hwtmart.ch\/wp-content\/uploads\/2025\/12\/6-5.jpg 900w\" sizes=\"(max-width: 225px) 100vw, 225px\" \/> <img loading=\"lazy\" decoding=\"async\" class=\"alignnone size-medium wp-image-12164\" src=\"https:\/\/hwtmart.ch\/wp-content\/uploads\/2025\/12\/7-8-225x300.jpg\" alt=\"\" width=\"225\" height=\"300\" srcset=\"https:\/\/hwtmart.ch\/wp-content\/uploads\/2025\/12\/7-8-225x300.jpg 225w, https:\/\/hwtmart.ch\/wp-content\/uploads\/2025\/12\/7-8-768x1024.jpg 768w, https:\/\/hwtmart.ch\/wp-content\/uploads\/2025\/12\/7-8-41x54.jpg 41w, https:\/\/hwtmart.ch\/wp-content\/uploads\/2025\/12\/7-8.jpg 900w\" sizes=\"(max-width: 225px) 100vw, 225px\" \/> <img loading=\"lazy\" decoding=\"async\" class=\"alignnone size-medium wp-image-12157\" src=\"https:\/\/hwtmart.ch\/wp-content\/uploads\/2025\/12\/8-10-225x300.jpg\" alt=\"\" width=\"225\" height=\"300\" srcset=\"https:\/\/hwtmart.ch\/wp-content\/uploads\/2025\/12\/8-10-225x300.jpg 225w, https:\/\/hwtmart.ch\/wp-content\/uploads\/2025\/12\/8-10-768x1024.jpg 768w, https:\/\/hwtmart.ch\/wp-content\/uploads\/2025\/12\/8-10-41x54.jpg 41w, https:\/\/hwtmart.ch\/wp-content\/uploads\/2025\/12\/8-10.jpg 900w\" sizes=\"(max-width: 225px) 100vw, 225px\" \/><\/p>\n","protected":false},"excerpt":{"rendered":"<p>Enceinte Bluetooth(P58)<strong> Carcasse en plastique\u00a0 <\/strong>Bluetooth 5.3<\/p>\n","protected":false},"featured_media":7783,"comment_status":"open","ping_status":"closed","template":"","meta":[],"product_brand":[],"product_cat":[797,815],"product_tag":[],"class_list":{"0":"post-7153","1":"product","2":"type-product","3":"status-publish","4":"has-post-thumbnail","6":"product_cat-enceinte-bluetooth","7":"product_cat-ecouteurs-bluetooth-enceinte-bluetooth-projecteur-camera-de-sport","8":"product_shipping_class-livraison-dans-2-a-5-jours","10":"first","11":"instock","12":"taxable","13":"shipping-taxable","14":"purchasable","15":"product-type-variable"},"jetpack_sharing_enabled":true,"_links":{"self":[{"href":"https:\/\/hwtmart.ch\/index.php?rest_route=\/wp\/v2\/product\/7153","targetHints":{"allow":["GET"]}}],"collection":[{"href":"https:\/\/hwtmart.ch\/index.php?rest_route=\/wp\/v2\/product"}],"about":[{"href":"https:\/\/hwtmart.ch\/index.php?rest_route=\/wp\/v2\/types\/product"}],"replies":[{"embeddable":true,"href":"https:\/\/hwtmart.ch\/index.php?rest_route=%2Fwp%2Fv2%2Fcomments&post=7153"}],"version-history":[{"count":8,"href":"https:\/\/hwtmart.ch\/index.php?rest_route=\/wp\/v2\/product\/7153\/revisions"}],"predecessor-version":[{"id":11122,"href":"https:\/\/hwtmart.ch\/index.php?rest_route=\/wp\/v2\/product\/7153\/revisions\/11122"}],"wp:featuredmedia":[{"embeddable":true,"href":"https:\/\/hwtmart.ch\/index.php?rest_route=\/wp\/v2\/media\/7783"}],"wp:attachment":[{"href":"https:\/\/hwtmart.ch\/index.php?rest_route=%2Fwp%2Fv2%2Fmedia&parent=7153"}],"wp:term":[{"taxonomy":"product_brand","embeddable":true,"href":"https:\/\/hwtmart.ch\/index.php?rest_route=%2Fwp%2Fv2%2Fproduct_brand&post=7153"},{"taxonomy":"product_cat","embeddable":true,"href":"https:\/\/hwtmart.ch\/index.php?rest_route=%2Fwp%2Fv2%2Fproduct_cat&post=7153"},{"taxonomy":"product_tag","embeddable":true,"href":"https:\/\/hwtmart.ch\/index.php?rest_route=%2Fwp%2Fv2%2Fproduct_tag&post=7153"}],"curies":[{"name":"wp","href":"https:\/\/api.w.org\/{rel}","templated":true}]}}