{"id":7154,"date":"2025-05-17T02:44:32","date_gmt":"2025-05-17T02:44:32","guid":{"rendered":"https:\/\/hwtmart.ch\/?post_type=product&#038;p=7154"},"modified":"2026-04-08T04:22:38","modified_gmt":"2026-04-08T03:22:38","slug":"enceinte-bluetoothh66","status":"publish","type":"product","link":"https:\/\/hwtmart.ch\/?product=enceinte-bluetoothh66","title":{"rendered":"Haut-parleur multim\u00e9dia (H66), haut-parleur son HiFi Bluetooth sans fil, lecteur audio st\u00e9r\u00e9o portable"},"content":{"rendered":"<p><img fetchpriority=\"high\" decoding=\"async\" class=\"alignnone size-medium wp-image-12142\" src=\"https:\/\/hwtmart.ch\/wp-content\/uploads\/2025\/05\/6-6-300x189.jpg\" alt=\"\" width=\"300\" height=\"189\" srcset=\"https:\/\/hwtmart.ch\/wp-content\/uploads\/2025\/05\/6-6-300x189.jpg 300w, https:\/\/hwtmart.ch\/wp-content\/uploads\/2025\/05\/6-6-1024x645.jpg 1024w, https:\/\/hwtmart.ch\/wp-content\/uploads\/2025\/05\/6-6-768x484.jpg 768w, https:\/\/hwtmart.ch\/wp-content\/uploads\/2025\/05\/6-6-1536x968.jpg 1536w, https:\/\/hwtmart.ch\/wp-content\/uploads\/2025\/05\/6-6-1600x1008.jpg 1600w, https:\/\/hwtmart.ch\/wp-content\/uploads\/2025\/05\/6-6-86x54.jpg 86w, https:\/\/hwtmart.ch\/wp-content\/uploads\/2025\/05\/6-6.jpg 1920w\" sizes=\"(max-width: 300px) 100vw, 300px\" \/> <img decoding=\"async\" class=\"alignnone size-medium wp-image-12143\" src=\"https:\/\/hwtmart.ch\/wp-content\/uploads\/2025\/05\/1-9-300x189.jpg\" alt=\"\" width=\"300\" height=\"189\" srcset=\"https:\/\/hwtmart.ch\/wp-content\/uploads\/2025\/05\/1-9-300x189.jpg 300w, https:\/\/hwtmart.ch\/wp-content\/uploads\/2025\/05\/1-9-1024x645.jpg 1024w, https:\/\/hwtmart.ch\/wp-content\/uploads\/2025\/05\/1-9-768x484.jpg 768w, https:\/\/hwtmart.ch\/wp-content\/uploads\/2025\/05\/1-9-1536x968.jpg 1536w, https:\/\/hwtmart.ch\/wp-content\/uploads\/2025\/05\/1-9-1600x1008.jpg 1600w, https:\/\/hwtmart.ch\/wp-content\/uploads\/2025\/05\/1-9-86x54.jpg 86w, https:\/\/hwtmart.ch\/wp-content\/uploads\/2025\/05\/1-9.jpg 1920w\" sizes=\"(max-width: 300px) 100vw, 300px\" \/> <img decoding=\"async\" class=\"alignnone size-medium wp-image-12144\" src=\"https:\/\/hwtmart.ch\/wp-content\/uploads\/2025\/05\/2-9-300x189.jpg\" alt=\"\" width=\"300\" height=\"189\" srcset=\"https:\/\/hwtmart.ch\/wp-content\/uploads\/2025\/05\/2-9-300x189.jpg 300w, https:\/\/hwtmart.ch\/wp-content\/uploads\/2025\/05\/2-9-1024x645.jpg 1024w, https:\/\/hwtmart.ch\/wp-content\/uploads\/2025\/05\/2-9-768x484.jpg 768w, https:\/\/hwtmart.ch\/wp-content\/uploads\/2025\/05\/2-9-1536x968.jpg 1536w, https:\/\/hwtmart.ch\/wp-content\/uploads\/2025\/05\/2-9-1600x1008.jpg 1600w, https:\/\/hwtmart.ch\/wp-content\/uploads\/2025\/05\/2-9-86x54.jpg 86w, https:\/\/hwtmart.ch\/wp-content\/uploads\/2025\/05\/2-9.jpg 1920w\" sizes=\"(max-width: 300px) 100vw, 300px\" \/> <img loading=\"lazy\" decoding=\"async\" class=\"alignnone size-medium wp-image-12145\" src=\"https:\/\/hwtmart.ch\/wp-content\/uploads\/2025\/05\/3-8-300x189.jpg\" alt=\"\" width=\"300\" height=\"189\" srcset=\"https:\/\/hwtmart.ch\/wp-content\/uploads\/2025\/05\/3-8-300x189.jpg 300w, https:\/\/hwtmart.ch\/wp-content\/uploads\/2025\/05\/3-8-1024x645.jpg 1024w, https:\/\/hwtmart.ch\/wp-content\/uploads\/2025\/05\/3-8-768x484.jpg 768w, https:\/\/hwtmart.ch\/wp-content\/uploads\/2025\/05\/3-8-1536x968.jpg 1536w, https:\/\/hwtmart.ch\/wp-content\/uploads\/2025\/05\/3-8-1600x1008.jpg 1600w, https:\/\/hwtmart.ch\/wp-content\/uploads\/2025\/05\/3-8-86x54.jpg 86w, https:\/\/hwtmart.ch\/wp-content\/uploads\/2025\/05\/3-8.jpg 1920w\" sizes=\"(max-width: 300px) 100vw, 300px\" \/> <img loading=\"lazy\" decoding=\"async\" class=\"alignnone size-medium wp-image-12146\" src=\"https:\/\/hwtmart.ch\/wp-content\/uploads\/2025\/05\/4-7-300x189.jpg\" alt=\"\" width=\"300\" height=\"189\" srcset=\"https:\/\/hwtmart.ch\/wp-content\/uploads\/2025\/05\/4-7-300x189.jpg 300w, https:\/\/hwtmart.ch\/wp-content\/uploads\/2025\/05\/4-7-1024x645.jpg 1024w, https:\/\/hwtmart.ch\/wp-content\/uploads\/2025\/05\/4-7-768x484.jpg 768w, https:\/\/hwtmart.ch\/wp-content\/uploads\/2025\/05\/4-7-1536x968.jpg 1536w, https:\/\/hwtmart.ch\/wp-content\/uploads\/2025\/05\/4-7-1600x1008.jpg 1600w, https:\/\/hwtmart.ch\/wp-content\/uploads\/2025\/05\/4-7-86x54.jpg 86w, https:\/\/hwtmart.ch\/wp-content\/uploads\/2025\/05\/4-7.jpg 1920w\" sizes=\"(max-width: 300px) 100vw, 300px\" \/> <img loading=\"lazy\" decoding=\"async\" class=\"alignnone size-medium wp-image-12147\" src=\"https:\/\/hwtmart.ch\/wp-content\/uploads\/2025\/05\/5-7-300x189.jpg\" alt=\"\" width=\"300\" height=\"189\" srcset=\"https:\/\/hwtmart.ch\/wp-content\/uploads\/2025\/05\/5-7-300x189.jpg 300w, https:\/\/hwtmart.ch\/wp-content\/uploads\/2025\/05\/5-7-1024x645.jpg 1024w, https:\/\/hwtmart.ch\/wp-content\/uploads\/2025\/05\/5-7-768x484.jpg 768w, https:\/\/hwtmart.ch\/wp-content\/uploads\/2025\/05\/5-7-1536x968.jpg 1536w, https:\/\/hwtmart.ch\/wp-content\/uploads\/2025\/05\/5-7-1600x1008.jpg 1600w, https:\/\/hwtmart.ch\/wp-content\/uploads\/2025\/05\/5-7-86x54.jpg 86w, https:\/\/hwtmart.ch\/wp-content\/uploads\/2025\/05\/5-7.jpg 1920w\" sizes=\"(max-width: 300px) 100vw, 300px\" \/><\/p>\n","protected":false},"excerpt":{"rendered":"<p>Enceinte Bluetooth(H66)<strong> Carcasse en plastique\u00a0 <\/strong>Bluetooth 5.3<\/p>\n","protected":false},"featured_media":7781,"comment_status":"open","ping_status":"closed","template":"","meta":[],"product_brand":[],"product_cat":[797,815],"product_tag":[],"class_list":{"0":"post-7154","1":"product","2":"type-product","3":"status-publish","4":"has-post-thumbnail","6":"product_cat-enceinte-bluetooth","7":"product_cat-ecouteurs-bluetooth-enceinte-bluetooth-projecteur-camera-de-sport","8":"product_shipping_class-livraison-dans-2-a-5-jours","10":"first","11":"instock","12":"taxable","13":"shipping-taxable","14":"purchasable","15":"product-type-variable"},"jetpack_sharing_enabled":true,"_links":{"self":[{"href":"https:\/\/hwtmart.ch\/index.php?rest_route=\/wp\/v2\/product\/7154","targetHints":{"allow":["GET"]}}],"collection":[{"href":"https:\/\/hwtmart.ch\/index.php?rest_route=\/wp\/v2\/product"}],"about":[{"href":"https:\/\/hwtmart.ch\/index.php?rest_route=\/wp\/v2\/types\/product"}],"replies":[{"embeddable":true,"href":"https:\/\/hwtmart.ch\/index.php?rest_route=%2Fwp%2Fv2%2Fcomments&post=7154"}],"version-history":[{"count":8,"href":"https:\/\/hwtmart.ch\/index.php?rest_route=\/wp\/v2\/product\/7154\/revisions"}],"predecessor-version":[{"id":12148,"href":"https:\/\/hwtmart.ch\/index.php?rest_route=\/wp\/v2\/product\/7154\/revisions\/12148"}],"wp:featuredmedia":[{"embeddable":true,"href":"https:\/\/hwtmart.ch\/index.php?rest_route=\/wp\/v2\/media\/7781"}],"wp:attachment":[{"href":"https:\/\/hwtmart.ch\/index.php?rest_route=%2Fwp%2Fv2%2Fmedia&parent=7154"}],"wp:term":[{"taxonomy":"product_brand","embeddable":true,"href":"https:\/\/hwtmart.ch\/index.php?rest_route=%2Fwp%2Fv2%2Fproduct_brand&post=7154"},{"taxonomy":"product_cat","embeddable":true,"href":"https:\/\/hwtmart.ch\/index.php?rest_route=%2Fwp%2Fv2%2Fproduct_cat&post=7154"},{"taxonomy":"product_tag","embeddable":true,"href":"https:\/\/hwtmart.ch\/index.php?rest_route=%2Fwp%2Fv2%2Fproduct_tag&post=7154"}],"curies":[{"name":"wp","href":"https:\/\/api.w.org\/{rel}","templated":true}]}}