{"id":9229,"date":"2025-09-30T12:51:08","date_gmt":"2025-09-30T12:51:08","guid":{"rendered":"https:\/\/hwtmart.ch\/?post_type=product&#038;p=9229"},"modified":"2026-04-08T04:16:41","modified_gmt":"2026-04-08T03:16:41","slug":"coque-pour-iphone-17-pro","status":"publish","type":"product","link":"https:\/\/hwtmart.ch\/?product=coque-pour-iphone-17-pro","title":{"rendered":"Coque standard pour iPhone 17PRO, coque anti-rayures antichoc, coque mince en TPU souple"},"content":{"rendered":"<h2>Protection optimale contre les rayures et les chocs<\/h2>\n<p>La coque standard pour iPhone 17PRO est sp\u00e9cialement con\u00e7ue pour garantir une protection maximale \u00e0 votre appareil. Fabriqu\u00e9e \u00e0 partir de TPU souple de haute qualit\u00e9, elle offre une r\u00e9sistance ajust\u00e9e contre les rayures, les chocs et les petites chutes du quotidien. Son design antichoc intelligent \u00e9pouse parfaitement les contours de votre iPhone, tout en pr\u00e9servant son \u00e9l\u00e9gance.<\/p>\n<h2>Un design mince et \u00e9l\u00e9gant<\/h2>\n<p>Cette coque a \u00e9t\u00e9 imagin\u00e9e pour allier style et praticit\u00e9. Son profil mince assure une prise en main confortable sans alourdir ou d\u00e9former le design original de l&rsquo;iPhone 17PRO. Gr\u00e2ce \u00e0 son mat\u00e9riau flexible, elle s&rsquo;ajuste parfaitement \u00e0 votre appareil, tout en garantissant un acc\u00e8s facile aux boutons, ports et fonctionnalit\u00e9s. La finition douce et mate ajoute une touche sophistiqu\u00e9e, id\u00e9ale pour les utilisateurs modernes.<\/p>\n<h2>Un choix durable et pratique<\/h2>\n<p>En plus de sa protection efficace, cette coque est con\u00e7ue pour durer dans le temps. Le TPU souple est non seulement r\u00e9sistant, mais \u00e9galement facile \u00e0 nettoyer et \u00e0 entretenir, assurant une coque comme neuve m\u00eame apr\u00e8s une utilisation prolong\u00e9e. Disponible en plusieurs couleurs neutres et contemporaines, elle convient parfaitement aux go\u00fbts vari\u00e9s et aux exigences de tout utilisateur d&rsquo;iPhone 17PRO.<\/p>\n<p>Adoptez cette coque pour votre iPhone 17PRO afin de b\u00e9n\u00e9ficier de la meilleure combinaison de style, protection et fonctionnalit\u00e9. Elle est un choix id\u00e9al pour ceux qui recherchent une protection discr\u00e8te mais fiable, tout en restant fid\u00e8le au design unique de leur smartphone.<\/p>\n","protected":false},"excerpt":{"rendered":"<p>Protection optimale contre les rayures et les chocs La coque standard pour iPhone 17PRO est sp\u00e9cialement con\u00e7ue pour garantir une protection maximale \u00e0 votre appareil. Fabriqu\u00e9e \u00e0 partir de TPU souple de haute qualit\u00e9, elle offre une r\u00e9sistance ajust\u00e9e contre les rayures, les chocs et les petites chutes du quotidien. Son design antichoc intelligent \u00e9pouse<\/p>\n<div class=\"klb-readmore entry-button\"><a class=\"btn link\" href=\"https:\/\/hwtmart.ch\/?product=coque-pour-iphone-17-pro\">Read More <i class=\"klbth-icon-right-arrow\"><\/i><\/a><\/div>\n","protected":false},"featured_media":9504,"comment_status":"open","ping_status":"closed","template":"","meta":[],"product_brand":[],"product_cat":[793,794,817],"product_tag":[],"class_list":{"0":"post-9229","1":"product","2":"type-product","3":"status-publish","4":"has-post-thumbnail","6":"product_cat-etui-de-telephone-chargeur-mural-power-bank-support-de-telephone-voiture","7":"product_cat-etui-de-telephone","8":"product_cat-soldes","9":"product_shipping_class-livraison-dans-2-a-5-jours","11":"first","12":"instock","13":"sale","14":"taxable","15":"shipping-taxable","16":"purchasable","17":"product-type-variable"},"jetpack_sharing_enabled":true,"_links":{"self":[{"href":"https:\/\/hwtmart.ch\/index.php?rest_route=\/wp\/v2\/product\/9229","targetHints":{"allow":["GET"]}}],"collection":[{"href":"https:\/\/hwtmart.ch\/index.php?rest_route=\/wp\/v2\/product"}],"about":[{"href":"https:\/\/hwtmart.ch\/index.php?rest_route=\/wp\/v2\/types\/product"}],"replies":[{"embeddable":true,"href":"https:\/\/hwtmart.ch\/index.php?rest_route=%2Fwp%2Fv2%2Fcomments&post=9229"}],"version-history":[{"count":4,"href":"https:\/\/hwtmart.ch\/index.php?rest_route=\/wp\/v2\/product\/9229\/revisions"}],"predecessor-version":[{"id":9771,"href":"https:\/\/hwtmart.ch\/index.php?rest_route=\/wp\/v2\/product\/9229\/revisions\/9771"}],"wp:featuredmedia":[{"embeddable":true,"href":"https:\/\/hwtmart.ch\/index.php?rest_route=\/wp\/v2\/media\/9504"}],"wp:attachment":[{"href":"https:\/\/hwtmart.ch\/index.php?rest_route=%2Fwp%2Fv2%2Fmedia&parent=9229"}],"wp:term":[{"taxonomy":"product_brand","embeddable":true,"href":"https:\/\/hwtmart.ch\/index.php?rest_route=%2Fwp%2Fv2%2Fproduct_brand&post=9229"},{"taxonomy":"product_cat","embeddable":true,"href":"https:\/\/hwtmart.ch\/index.php?rest_route=%2Fwp%2Fv2%2Fproduct_cat&post=9229"},{"taxonomy":"product_tag","embeddable":true,"href":"https:\/\/hwtmart.ch\/index.php?rest_route=%2Fwp%2Fv2%2Fproduct_tag&post=9229"}],"curies":[{"name":"wp","href":"https:\/\/api.w.org\/{rel}","templated":true}]}}